11
What is the value of -5 + -15 - (-15 - -3) - 60?
-68
-65 - (52 + (-42 - 44))
-31
Evaluate -23 + 5 + 32 + -5 - 44.
-35
What is -21 - -15 - (6 + -53 + 8)?
33
Calculate 0 - (16 + -2 - (16 - 30 - 30)).
-58
Evaluate -6 + 2 + 8 - (16 - 0 - (-101 + 113)).
0
What is 2 + 3 - 1 - (14 - -95) - (-115 + 104)?
-94
-9 - (13 + (0 - (1 - -9)) + 3) - -6
-9
Evaluate (-38 - (-31 + 21)) + -66 + 5.
-89
What is 5 - (-1 + 9 + 14 + -13) - 16?
-20
Calculate (-9 - 56 - -4) + (-105 - -119).
-47
What is -9 - (7 - (-56 + 55 + 2 + 27))?
12
Calculate (389 - 331) + 3 + (-5 - -3).
59
Evaluate -78 - (21 + 6 - 53).
-52
Calculate 92 + -2 + 0 - (-945 + 944 + (1 - 10)).
100
(-66 - -18 - -12) + 26
-10
What is the value of 6 + (62 - 72) + -4 + (-2 - (3 + -131))?
118
-107 + 1 - (31 + 1 + -6 + -18)
-114
What is (82 - 89) + 38 + -43?
-12
3 + (-1 - -7) - (157 + -39 + -74)
-35
Evaluate -38 + (-1 - (-10 + 23) - -144).
92
15 - ((-13 - -7) + 7 + 2)
12
Calculate -1 + -29 + 5 - (-124 + -15).
114
Calculate -8 - -3 - (40 - 59).
14
-13 - 0 - (36 + (-1 - 30))
-18
-22 + (-5 - (21 + 2))
-50
Evaluate -55 + 6 + (-9 - -15).
-43
(8 - (2 - 0) - (15 - -3)) + -2 + 65
51
What is the value of -46 - (-294 + 80 - -70)?
98
Evaluate 47 + (63 + -97 - (-22 - 3)) + 1 + 19.
58
What is the value of 63 + (-14 - 64 - -32)?
17
25 + -52 + -1 + (-3 - (-2 - -14))
-43
27 + -56 - -17 - (16 + 7 + -4 + -6)
-25
Evaluate -37 - (0 + -28 - (-1091 + 1093)).
-7
(343 - 346) + (-1 + 1 - 38) + 7
-34
(54 - 6) + -115 - -41
-26
What is 6 + 40 + 2 - (-17 - -25)?
40
Calculate 41 - ((-37 - -34) + 3 + 1) - -6.
46
What is the value of -30 - (7 + (-3 - -8) - 51)?
9
What is 2 + 10 - ((-17 - -11) + -23)?
41
(-633 - -652) + (0 + -1 - -20)
38
What is the value of (-2 - -82) + (26 - 83 - -31) + 21?
75
Calculate 333 - (241 + 25) - (33 - 0).
34
What is -6 + 3 + (-75 - (0 - 14)) + -2 + 12?
-54
-11 + (-3 - 0 - (-24 - -17)) + -1 + 0
-8
Evaluate -2 + -15 + (-2496 - -2517).
4
What is (387 + -388 - ((1 - (-40 + -2)) + 1)) + -8?
-53
12 + -14 + (12 - 7) + 13 - -11
27
What is (-12 + 14 - 68) + 99?
33
Calculate 22 - -1 - (7 - (-30 - 2)).
-16
Evaluate -28 + 115 + -115 + (4 - -11).
-13
Calculate 2 - ((-15 - -42) + -31 + (1 - 10) - -55).
-40
Evaluate (-3 + -43 - -41) + 22 + -3 + 0.
14
What is -1 - -2 - ((-1 - 9) + 70 - -8)?
-67
Evaluate (46 - -8) + 6 + -5 + -10.
45
What is the value of -12 + (-11 - -6) - (-397 + 416) - (-1 + 3)?
-38
-18 + (-8 + 25 - (219 + -243))
23
What is the value of 2 - 2 - -24 - (14 - (-5 + -12))?
-7
What is 1629 + -1509 - (201 + 2)?
-83
What is -1 + (-7 + -2 - -11) + 11 + 12?
24
Evaluate -75 + 131 + -57 + 65.
64
Evaluate 18 + (5 + 9 - 24) + -2 - -26.
32
What is 6 + 24 + -7 + (35 - 8) + -16?
34
Calculate (92 - 4 - 54) + (3 - -2).
39
What is 58 + (21 - (-4 + -29 + 72))?
40
Calculate 28 + (-4 + 13 - 2) + -9.
26
Calculate -24 - ((-12 - (-1 - 20)) + 1).
-34
-276 - -281 - (0 - (-1 + 2)) - 49
-43
Calculate -3 + (-30 - -40) + -27.
-20
40 + 17 + -18 - -1 - 146
-106
Evaluate 7 + (-10 - ((-16 + 4 - -10) + (15 - -6))).
-22
What is the value of -68 - (-149 - (-152 - -109))?
38
Evaluate -4 + (15 - -9 - 123) - (13 - 5).
-111
Calculate 46 - ((-50 - -183) + -50).
-37
What is 106 - ((-2 - 29) + (-68 - -96) + -16)?
125
What is -60 + (27 - 46 - -64)?
-15
Calculate 42 + -43 + -1 + -12 + -1 + 1505 + -1386.
104
What is the value of -29 + 41 + 1 + -12?
1
-64 + (-42 - -34) + 1
-71
Evaluate -24 + 0 - (-23 + 17 + (-28 - -35)).
-25
What is the value of 23 + -31 + 13 - (17 + 2)?
-14
What is (-35 - -65) + -30 - (-10 - 2) - (14 + 11)?
-13
Evaluate (0 - 4) + (-34 - 6) - (-215 + 209).
-38
3 + (-7 - -2) + 3 + -9 + -2 + 46
36
What is -59 + 59 - (17 - (-3 - 0 - 0))?
-20
Calculate (-14 - -7) + 34 - (102 + -80).
5
Calculate (-34 - (-74 - -44)) + -12.
-16
-34 + 23 - (117 + -170)
42
Evaluate 8 - (19 + -20 + 17 + -30).
22
Calculate -35 - ((-5 - 11) + 19 - 19).
-19
Evaluate -192 - -179 - (26 - -5).
-44
Calculate 50 + -40 + -49 + 59.
20
What is the value of (-7 - -7) + 6 + -3 + 1 + -18?
-14
What is -65 + (10 - (26 - (-25 + 56)))?
-50
Evaluate -25 - (-9 + (23 - 10) - 26).
-3
Evaluate (-44 - 74 - -90) + 23 + 3.
-2
What is the value of 26 - 35 - (4 + -25) - (3 + 33)?
-24
Calculate 2 + 3 + -25 + -12.
-32
Evaluate (-5 - (42 - 38)) + (1 - -2 - 1) + -6.
-13
-2 + (10 - 4) - (198 + -173)
-21
Calculate -150 + 227 - (42 + -31).
66
What is the value of -65 + (55 - (-14 - -47))?
-43
Calculate 9 - (77 - 14 - 25).
-29
28 + -179 + (38 - -5) - 41
-149
What is 19 + 12 + -29 - 6 - -9?
5
What is the value of -11 + (-187 - -156) + (-18 - -1)?
-59
What is 0 + 15 + 791 + -834?
-28
What is the value of 108 + -31 + -4 + -7 + -34?
32
11 - 20 - (24 + -11 + -7 - (98 - 1))
82
Evaluate 7 + (-29 + -15 - -5) + -12.
-44
Calculate 18 - (-3911 - -3879 - (-38 - 1)).
11
What is -11 - (-8 + (29 - -2) + -4 - -37)?
-67
Evaluate -58 - (30 - -6 - 86).
-8
Calculate 13 - 23 - (-4 + 13 + -2 + 9).
-26
46 - (-15 + -50 + 94) - 50
-33
(29 - 1) + 6322 + -6327
23
What is the value of -27 + (-67 + 20 - -46)?
-28
What is the value of (47 + -35 - (-4 - 12)) + -62?
-34
What is -1 - -5 - (-693 - -698 - (2 - (2 + -2)))?
1
-134 + -4 - -56 - -56
-26
Calculate -5 + -32 + (-28 + -4 - 12).
-81
-1 + (-4 - 1) + (-8 - (-28 - (-14 + -4)))
-4
What is -56 - (-121 + 5) - 116?
-56
Calculate -7 - (4 - 0) - ((-9 - 23) + 67).
-46
Calculate -62 + 42 + 11 + -25 + 39.
5
What is (-1 - -1 - 15) + 26 + 74 + -30?
55
Calculate -37 + ((9 - 12) + 19 - 12 - 1).
-34
What is the value of 0 + -100 - (14833 - 15032)?
99
What is 1 + -59 + 57 + 52 + -81?
-30
What is 16 - (104 - (-2 + 11 + 14))?
-65
What is the value of (7 - -58) + -24 - 109?
-68
What is the value of -49 - ((14 - 6 - -3 - (9 - 4)) + -1)?
-54
Evaluate -30 + 110 + -35 + -69.
-24
Calculate -25 + (51 - (-10 - (18 + -10))).
44
Calculate 291 - 66 - (-179 + 261).
143
What is (-530 - -498) + (6 - 4 - 8 - 4)?
-42
Calculate -26 + 19 + (-53 - -12) + (3 - 8 - 0).
-53
(-348 - -140) + 195 + (-2 - -3)
-12
Calculate 3 + 11 + 20 + 18 + -42.
10
Calculate 113 - 70 - 76 - -36.
3
What is the value of (-576 - -567) + (1 - (13 + 1)) - (9 + -20)?
-11
Evaluate -51 + (-42 - -37 - -61).
5
Calculate -14 + -24 + (20 - -17).
-1
14 + (-40 + 64 - (6 + 6))
26
2 - 9 - 35 - (-10 + (4 - -7) + -7)
-36
Evaluate 12039 + -12088 - (1 - 4).
-46
(4 + 6 + -6 - (-23 - -49)) + -4
-26
What is -23 - (9 + 20 - (-64 - -93))?
-23
What is the value of (-47 - (0 - 37)) + 10 - (38 - -4)?
-42
Calculate 5 - 14 - 26 - (-18 + -3 + 35).
-49
Evaluate 39 - (12 - (2 + -3 + -2) - (-213 + 216)).
27
(-58 - 63) + 66 + -2
-57
Evaluate (6 - ((45 - -1) + -3) - (1 + 7)) + 1.
-44
What is (11 - (20 + -6)) + 31 + -6?
22
What is (-120 - -105) + (59 - -5) - -18 - 1?
66
Calculate 41 + (83 + -75 + 0 + 7 - 34).
22
What is the value of (-13 + 7 - -11) + (3 - -4) + -16?
-4
Evaluate 56 + (-2 - -7) - 23 - 2.
36
Calculate -36 - (-18 + -18) - (-63 + (1 - 2) + -2).
66
What is the value of 64 - (-64 + 0 + -5 + 32)?
101
80 + (-124 + 123 - ((-12 - -4) + -2))
89
What is the value of 24 + -43 + 11 + 7 + 8?
7
Calculate 56 - (-1 - -1) - (46 + 85 + -125) - 10.
40
-90 + (49 - 113 - -146)
-8
Evaluate 369 + -411 - (-75 - -4).
29
-1063 + 1148 - (-9 - 4)
98
What is (1 - 0 - -2) + (11 - (-28 - -39)) + 36?
39
-73 - (-91 - -26) - -44
36
69 + 0 - (7 - (-3 - (-15 + 15)))
59
-76 + (13 - ((-13 - -20) + 10))
-80
Evaluate (-81 - (-439 + 465 + (-11 - -1))) + 0 + -13.
-110
Calculate 2 - ((12 - 20) + -1 - 33) - 11.
33
Calculate 104 + -111 + (-15 + 35 - -9).
22
What is the value of -57 + (65 - 26) - 2?
-20
What is -52 + (30 + -2 - (-93 - -123) - (5 + 0))?
-59
73 + -28 - (10 + 8) - 10
17
What is the value of (-38 - -146) + -3 + -26 + -21?
58
What is 1281 + -1320 - (1 + -1)?
-39
(4 - (-11 + 5)) + (14 - 2) + (91 - 106)
7
Evaluate (-20 + 14 - -29) + 27 + 28.
78
Evaluate 53 - (19 - 27) - 16.
45
Calculate 11 + -1 + 34 - 85.
-41
Evaluate -1 + 9 + -1962 + 1924.
-30
Calculate -25 + -12 + 19 + -20 + 25.
-13
Evaluate (10 - (1 + -6 - -12)) + -14.
-11
Evaluate 50 + ((-19 - -12) + 0 - (4 + -22 + 7)).
54
Evaluate 1 + -1 - (7 + 0 + (10 - 27)) - -36.
46
What is -6 + (-64 - -49) + 34?
13
Evaluate 39 + 0 - (101 + (-222 - -89)).
71
What is the value of -137 - (384 + -384 + -25 + -1)?
-111
Evaluate (-2 - (35 - 41)) + -33.
-29
What is 0 + 10 + (-1 + (28 - 27) - (1 - -7))?
2
0 - -69 - ((28 - (15 - -3) - 20) + 14)
65
Evaluate 123 